 (-4 - (-3 - -1))) + 2?
5
Evaluate -5 - (-4 + 4 + -2).
-3
What is the value of 23 - 22 - (-1 - (1 - 4))?
-1
What is 2 - (4 - -3) - -4?
-1
Evaluate (3 - -1) + (-3 - (-8 + 9)).
0
Calculate (5 - 5) + -6 - 6 - -7.
-5
What is 5 + (-2 - 2) + 0?
1
What is 1 - -5 - (-13 + 16) - 4?
-1
(-2 - 1) + -3 + 7 - -4
5
Calculate -8 - -7 - (-1 - -2).
-2
Calculate (-13 - -2) + -1 + (4 - -2).
-6
Calculate (5 - 1) + (14 + -10 - 8).
0
What is 1 + (1 - 1) - -1?
2
Evaluate 2 + -6 + 2 + 4.
2
Evaluate 6 - (1 - (1 - 1)).
5
Calculate (-2 - 14) + (9 - 3).
-10
What is the value of (5 + -5 - -2) + (3 - 5)?
0
What is the value of 5 + -8 + -1 + 2 - -3?
1
What is the value of 6 + (-6 - (-1 + -6)) + -13?
-6
(-7 - (2 - 13)) + -4
0
Evaluate 15 - (-5 - -9) - 15.
-4
What is the value of (-5 - -6) + -3 + (-2 - -4)?
0
What is (-12 - (-14 - -6)) + 2?
-2
What is 0 + 2 + (-1 - (-3 - -5))?
-1
What is the value of (7 - 18) + -2 - -6 - -7?
0
What is (2 - -5) + (-8 - -5)?
4
What is the value of -1 + -2 + 2 + 0?
-1
(-1 - 6) + 4 + -2
-5
What is the value of -2 - (10 + -9 + 3)?
-6
0 + 9 - (-2 - (-11 - -6))
6
What is -2 + 6 - (4 + -9 + 3)?
6
(-4 - -11) + (-9 - -4)
2
Calculate (-11 - -10) + -3 + 8 + 1.
5
What is -3 + (-6 + 2 - -1) - -11?
5
What is 5 + -4 - (-4 + (1 - -8))?
-4
What is the value of -8 + 2 + 2 - -4?
0
What is the value of 1 + (22 + -16 - (0 + 4))?
3
What is -3 + 1 + 1 - 2?
-3
3 + -3 + 6 + -1
5
Evaluate 4 + 1 + -6 + 0.
-1
What is 13 - ((-6 - -14) + -1)?
6
(-4 - (2 - 3)) + -3 - -2
-4
What is 6 + -2 - 4 - (-1 - 2)?
3
(-1 + 0 - -5) + -27 + 23
0
What is the value of (10 - 4) + -6 + -5?
-5
2 + -5 + -2 + 2
-3
Evaluate -6 + 1 + (12 - 9).
-2
What is -12 + 2 - -2 - -5 - 4?
-7
What is the value of 2 + (5 - (4 - 1)) + -2?
2
What is the value of 1 + -2 + 0 - (-3 - 4)?
6
Calculate 10 + -10 + 4 + -4.
0
6 + (-5 - (-6 + 2))
5
What is the value of (-4 - (3 + -2)) + -56 + 61?
0
What is (5 - 2) + -4 + 3?
2
What is 4 - (2 - -3 - (5 - 1))?
3
What is the value of -3 - (-2 - -1 - (-9 + 6))?
-5
What is the value of -5 + (-3 - -2) + 74 + -67?
1
Evaluate -5 + (2 - (-1 - -1 - -1)).
-4
What is the value of 2 + 0 + -2 + (-4 - 0)?
-4
Calculate 23 - 27 - (-3 + 0).
-1
What is (1 - 3) + 3 + (-1 - -2)?
2
What is the value of -6 + (-7 - -12) + (-1 - -2)?
0
Calculate -1 + -3 + 10 + -3 - 8.
-5
Evaluate 1 - (-5 + 10 + 3 + -4).
-3
-1 + (4 - (2 + -1))
2
Evaluate 2 - 2 - -2 - 0 - -1.
3
Evaluate -7 + (-3 - -5) - (2 + -4).
-3
Evaluate 12 + -3 + 13 + -11.
11
What is -9 + (21 - 12) - 2?
-2
What is -3 - (-3 + -6) - (3 + 0)?
3
0 + -1 + -23 + 20
-4
What is the value of -5 - (-3 + -4) - 3?
-1
What is (22 - 13) + 0 + -5?
4
1 - (5 - (0 + 6))
2
(2 + -2 - 2) + -4 + 8
2
-7 + 0 + 4 + (-1 - -3)
-1
Calculate -8 + 1 + -1 + 3.
-5
5 + -2 + (-1 - 4)
-2
Evaluate (-4 - 6) + 13 + -1 + 1.
3
Evaluate (-10 - 2) + (4 - -5).
-3
(-9 - -22) + -8 + -10
-5
What is 0 - (-4 - -2) - 5?
-3
Evaluate (0 - 2) + -1 - (2 - 3).
-2
Calculate -20 + 0 + 10 + 5.
-5
What is -6 - (-16 + 11 - 1)?
0
1 - ((11 - (0 - -5)) + 2)
-7
-4 + 1 + -1 + 1
-3
What is (-3 - (-7 + 4)) + 3?
3
Evaluate -1 - ((5 + -2 - 3) + -3).
2
Evaluate (5 - (5 + 3)) + 4 - 3.
-2
What is -1 + 6 - (25 - 24)?
4
(-7 - -2 - -3) + -3 + 0
-5
Evaluate 1 - 0 - ((13 - 3) + -10).
1
Evaluate -2 - (1 + 3 + -4 - 0).
-2
Evaluate 2 + -3 + 7 - (7 + -4).
3
Evaluate (3 - 1 - 2 - -4) + -1.
3
Calculate -3 - (-1 - (1 + -4)).
-5
-3 + 6 + -13 + 6
-4
Evaluate 34 - 32 - (-3 + 2 + 4).
-1
Evaluate -3 + -1 + -11 + 15.
0
Evaluate -2 - ((-1 - 0) + (-10 - -13)).
-4
-2 + 0 + -1 + 7 + -2
2
Calculate -294 + 287 + 12 + 1.
6
Evaluate 4 - -5 - 3 - 5.
1
Evaluate 5 + -4 + -8 + 3.
-4
What is the value of 1 + 2 + 2 - (-9 + 4)?
10
Evaluate 4 + -1 + (-3 + -3 - -2).
-1
What is -2 + 1 - (-4 + 6 + -8)?
5
Evaluate 11 - (6 + -5 + 5 - 4).
9
What is the value of 4 + (-8 + (9 - 4) - 1)?
0
What is the value of 8 + 1 + -62 + 47?
-6
4 - ((-6 - -11) + 2 + 1)
-4
What is 0 + 4 + (6 - (18 - 7))?
-1
What is (-3 - -1) + (0 - (-12 - -6))?
4
What is the value of 7 + -13 + -1 + -3 + 6?
-4
What is (-1 + 0 - -1) + -125 + 123?
-2
What is the value of 3 - -2 - (-13 - -17)?
1
What is the value of (-1 + -1 - 4) + (4 - 1)?
-3
What is 6 + -17 + (5 + 1 - 0)?
-5
What is the value of 3 - (-1 + 0 + 1 - -2)?
1
-5 + 5 + -11 - (-22 + 22)
-11
-2 - (-5 + 2 + 0 - -1)
0
What is the value of 10 - (8 + -2 + -1) - 2?
3
(0 - -3 - 5) + 8
6
-6 - (1 - (4 - 2))
-5
What is -3 - -14 - (-14 - -29)?
-4
What is the value of 9 + (-10 - (-2 + 5 + -8))?
4
What is the value of -2 + 10 - (14 + -6)?
0
Evaluate (-2 - (3 + -3)) + (-2 - -7).
3
What is 5 + -6 + (3 - (-5 + 4))?
3
What is 4 + 0 + 1 + -2?
3
Calculate 3 - ((5 - 8) + 6) - 7.
-7
Evaluate 2 + -4 + (5 - 2).
1
What is the value of 13 + -17 + 5 + -1?
0
Calculate 3 - -12 - (14 - 2).
3
Calculate (81 - 79) + 2 + (-1 - -1).
4
What is 0 - (3 + 7 + -6)?
-4
Evaluate -1 + 2 + -4 - -2.
-1
Calculate -19 - -20 - (-2 + 3 + -6).
6
Evaluate 0 + 2 - (0 - (-1 + 9)).
10
Calculate 5 + -4 - (4 - 0).
-3
Calculate -13 + 5 + 0 + 13.
5
What is 8 + (1 - (3 + 4))?
2
Calculate 0 + (1 - -1) + 1 + -7.
-4
What is -3 + (2 - 7) + -6 + 9?
-5
Evaluate 0 + (-5 - -8) + -10.
-7
What is the value of (3 + (1 - 18) - -8) + 5?
-1
What is 1 - (1 + 3 - 4 - -3)?
-2
-2 + (-3 + (7 - 9) - -2)
-5
What is (0 + -1 - -10) + -3?
6
What is 14 + 1 + -7 + -6?
2
What is 5 + -1 - (-7 - -6)?
5
What is 1 + (-1 - 1) + -3?
-4
What is 5 + -12 + (5 - -2)?
0
Evaluate (-1 - -1) + (-164 - -168).
4
What is 1 + 3 + -6 + 0?
-2
What is the value of 9 + -4 + (10 - 7)?
8
-30 - -23 - (-13 + 1)
5
Calculate 10 + 1 + -10 + (0 - 2).
-1
7 + -5 + 4 - 1
5
What is 8 + (-3 - (-8 - -7))?
6
What is the value of -8 + (5 + (-7 - -3) - -4)?
-3
1 + (-11 - 0) + (-126 - -125)
-11
What is (8 - 9) + -2 + -1?
-4
Calculate -13 + (-3 + 3 - -2 - -4).
-7
What is 1 - 6 - (7 + -7)?
-5
What is 0 + -3 - (4 - 8)?
1
What is 6 - ((6 - -5) + 2)?
-7
Calculate -8 + 6 + -2 + 9.
5
-1 - 2 - ((-11 - -11) + -6)
3
What is the value of -25 + 8 + 17 - (-1 - -1)?
0
-4 - (1 + -6 + -1)
2
-2 - -6 - (1 - 5) - 2
6
What is -7 + -7 + 5 + 14?
5
Evaluate (3 - 0) + (-65 - -65) - 0.
3
Calculate -5 - (11 + (-8 - -3) - 4).
-7
What is 1 + -5 + 1 + 2 + 1?
0
(4 + -17 - -12) + -4
-5
What is (-1 + -2 - (0 - 2)) + -4?
-5
What is the value of 1 - (-3 + 5 + 1) - -4?
2
-5 - (-14 - -17 - (1 + 5))
-2
What is the value of 7 - 2 - 7 - 3?
-5
What is -13 - (-5 + 3 + -3)?
-8
-25 - -20 - (1 - 1)
-5
What is the value of 2 - 5 - ((17 - 11) + -2)?
-7
What is -3 - (4 - (3 + 5))?
1
What is 1 + 0 - (2 - 0)?
-1
Calculate 9 + -1 - (2 + 1 - -1).
4
Calculate -4 + (-9 - -5 - -5).
-3
Calculate 2 - 2 - (2 + 2).
-4
1 + 3 + 4 + -5 - 7
-4
Evaluate -4 - (1 - (4 + -1 + -4)).
-6
13 + (-3 - (4 - 3))
9
Evaluate -5 + -5 + (17 - 9).
-2
Calculate (8 - (5 - 0)) + 0 - -7.
10
What is 7 + (4 - (-6 + 15))?
2
Calculate 23 - 23 - (-3 - 0).
3
9 - (10 + -4) - 1
2
Evaluate -6 + (-6 - -1) - -6.
-5
What is 6 - (1 + 4 + 1)?
0
What is the value of 21 - (24 - 13) - (-1 - -3)?
8
What is -2 - (-8 + (-5 - -4) - -4)?
3
Evaluate 7 + 13 + 4 + -18.
6
Calculate 0 + -1 + 7 - (44 - 33).
-5
Evaluate 2 - (7 + -5) - -5.
5
Calculate (-61 - -50) + (6 - 3) + 4.
-4
-11 + 5 + (3 - 2)
-5
What is the value of 3 - (7 - (-8 - -7))?
-5
(3 + 0 - (-11 - -16)) + 4
2
What is the value of -2 + -2 + 3 - 0?
-1
What is the value of (-6 - (-2 - 2)) + 4 + -1?
1
Evaluate -6 - (-16 + 18 + 2 + -10).
0
12 + 1 + 2 + 0 + -6
9
Evaluate 5 + 1 + -42 + 36 + 2.
2
What is -3 - ((4 - (3 + 1)) + -8)?
5
Calculate 4 - (3 - (2 + -2) - 3).
4
-3 + -3 + 4 + 1 + 1
0
What is (-10 - -21 - 9) + -9?
-7
What is 2 - (-7 - -8) - -4?
5
Calculate 2 + 16 + -8 + -4.
6
-23 - -15 - (-3 - 1)
-4
What is 4 - (-2 + -3 - (1 + -5))?
5
What is the value of 4 + -1 + -9 + 4?
-2
-2 + (6 - (10 - 6 - 2))
2
What is the value of 1 + -10 + 9 - (1 - 3)?
2
What is the value of 1 + (-3 + -7 - -5 - 0)?
-4
What is 4 - (6 + -1 + -4)?
3
What is the value of 3 - (25 + 0 + -15)?
-7
Evaluate -20 + (-13 - -5 - -18).
-10
What is the value of 0 + (4 - 8 - -2 - 2)?
-4
What is the value of -10 - (0 + 1 - 5) - -4?
-2
Evaluate -12 + 4 - 4 - -9.
-3
What is 68 + -64 - (-1 + (0 - -9))?
-4
Calculate (-1 - -1) + -1 + (-4 - -1).
-4
Evaluate -3 + 0 + (0 + -7 - -7).
-3
Calculate 0 + (-3 - -2) + 5 + -9.
-5
1 + 2 + -7 - -4
0
Evaluate 1 - ((5 - (-3 - -6)) + -4).
3
What is the value of -3 + -9 + 6 - -8 - -2?
4
What is (2 - 0) + (5 - (-6